Let y be 5/g + (0 - 0). List the prime factors of (-16)/10*(y + 0).
2
Let r(z) = -z**3 + 9*z**2 + 11*z - 10. Let b be r(10). Let l be 1/(-2*1/(-10)). Let w = b + l. What are the prime factors of w?
5
Suppose -y - 4*y = -50. Suppose -11*n = -7*n. Suppose -b - 2 + y = n. What are the prime factors of b?
2
List the prime factors of 29 + 5 + -3 + -3.
2, 7
Suppose -3*k = -3*m + 2 + 1, 3*m = -3*k - 15. Let y(s) = -s**3 - s**2 + 3*s + 1. Let z be y(m). Let o(c) = 3*c**2 - 2*c - 1. What are the prime factors of o(z)?
2
Let d = -11 + 39. Let n = d + -11. List the prime factors of n.
17
Suppose n - 1 = -3. Let l = 18 - n. List the prime factors of l.
2, 5
Let l = 8 + -11. Let c be 2*l/6*-3. List the prime factors of (-8)/(c + 14/(-4)).
2
Suppose -12 = -2*o - 2*o. Suppose o*c - 3 - 3 = 0. Let b(x) = 4*x**2 - x - 2. List the prime factors of b(c).
2, 3
Suppose 18 = 5*k + 2*w, -k - 10 = -2*w - w. Suppose -p = q - 2*q - 1, -k*p = 2*q + 14. What are the prime factors of 10 - (0 - -6)/p?
2, 3
Let g = 0 + 1. Suppose 0 = -a - g + 3. Suppose -11 = -a*w + w. What are the prime factors of w?
11
Let u be 9/15*(1 - -4). Suppose -7 = -u*k - 1. Suppose -1 = k*t - 25. List the prime factors of t.
2, 3
Let d = 13 - 22. Let k be 2/d - 188/(-36). Suppose 19 = 3*a + v, -v = a - 0*v - k. What are the prime factors of a?
7
Suppose -5*i + 15 = -30. What are the prime factors of (i/6 + -2)*-52?
2, 13
Let u(b) = -4*b**3 - 7*b**2 - 2*b - 16. Let m(i) = 5*i**3 + 6*i**2 + 2*i + 16. Let j(k) = -5*m(k) - 6*u(k). Let o be j(12). List the prime factors of 1/3 + o/6.
7
Let n = 15 + -26. Let o = 13 + n. List the prime factors of o.
2
Let y(w) = w**2 + w - 2. Let r be y(-2). Let h = r + 7. List the prime factors of h.
7
Let x(c) = -c**2 - 5*c - 4. Let i be x(-3). What are the prime factors of (-1)/i - (-165)/10?
2
Let h = 10 + -12. What are the prime factors of h/(-10) + 232/40?
2, 3
Suppose n = -18 + 56. Let l = n + -22. List the prime factors of l.
2
Suppose 0 = -3*z + 1 + 8. Let c(o) = -o**3 + 3*o**2 - o - 3. Let h be c(z). Let t = -1 - h. List the prime factors of t.
5
Suppose 0 = -4*b + 5*w + 4 - 1, 3*b - 6 = 5*w. What are the prime factors of -4*2/(-4 - b)?
2
List the prime factors of (92/(-3))/1*(-2 - 1).
2, 23
Let h(u) = u**2 + u + 3. Suppose -1 + 15 = 2*z. Let d = -10 + z. What are the prime factors of h(d)?
3
Let g be (-2)/(-2) + (3 - 0). Suppose c + 45 = g*c. List the prime factors of c.
3, 5
Suppose 5*b - 3*b = 8, -4*b + 18 = o. Suppose -2*j = c + c - 10, -4*c - o*j = -24. Suppose -c = x - 5*t - 27, 5*t = 2*x - 25. What are the prime factors of x?
5
Let j be 8/(-44) - (-35)/11. Suppose j*m + 85 = 5*k - 2*m, 5*k - 88 = 4*m. List the prime factors of k.
2, 5
Let a = -80 - -86. What are the prime factors of a?
2, 3
Let f = 6 + -28. Let w = 32 + f. List the prime factors of (w/6)/((-2)/(-6)).
5
Let s(d) = d**2 + 7*d - 11. Let j(m) = m**2 + 9*m + 8. Let h be j(-6). List the prime factors of s(h).
19
Let g be 2/(1 - 3)*20. Let s = g + 36. What are the prime factors of s?
2
Let a(s) = 6*s + 37. Let y(o) = 3*o + 18. Let m(z) = 4*a(z) - 9*y(z). What are the prime factors of m(-8)?
2, 5
Suppose 0 = -3*n + 167 + 85. List the prime factors of n.
2, 3, 7
Let a = 222 + -87. List the prime factors of a.
3, 5
Let u(x) be the first derivative of -x**2/2 + 3*x - 1. Let n be u(-3). List the prime factors of ((-9)/2)/(n/(-8)).
2, 3
Let t(r) = 20*r + 8. Suppose -8 = 2*b + 4. Let x be t(b). What are the prime factors of x/(-21)*(-3)/(-2)?
2
Suppose -v + 4*s + 115 = 0, -s = 3*v - 5*v + 202. List the prime factors of v.
3, 11
Let k = 56 + 66. List the prime factors of k.
2, 61
Let a be (2/(-5))/(2/(-5)). Let v(z) = z**3 - z + 1. Let p(s) = -3*s**3 - s**2 + s. Let t(q) = a*p(q) + 2*v(q). List the prime factors of t(-2).
2
Let q(x) = 2*x**2 - 3*x + 4. Let l(s) = -2*s**2 + 4*s - 5. Let y(m) = 5*l(m) + 6*q(m). What are the prime factors of y(2)?
11
Suppose g - 7*n - 63 = -3*n, 0 = n - 1. What are the prime factors of g?
67
Let v be (0 - -3)/(2/2). Suppose -25 = v*j + 2*j. What are the prime factors of (-5)/((-5)/(-2))*j?
2, 5
List the prime factors of (276/15)/((-6)/(-15)).
2, 23
Suppose 3*j = -2*j + 10. Suppose 0 = j*u - 6 + 4. What are the prime factors of (0 - -2)/u*4?
2
Let n = -81 + 204. List the prime factors of n.
3, 41
Suppose -3*v + c + 548 = 2*c, 0 = 2*v + 4*c - 382. What are the prime factors of v?
181
Let o(h) = -h + 5. Let t be o(-4). Suppose 0*d - t = -3*d. What are the prime factors of d?
3
Suppose 2*i - 39 = -11. Let h = i + -7. What are the prime factors of h?
7
What are the prime factors of (-2)/10 + 1173/15?
2, 3, 13
Suppose -18*h = -16*h - 68. List the prime factors of h.
2, 17
Suppose 2*r + r + 2*j = -56, -4 = -2*j. List the prime factors of r/3*9/(-2).
2, 3, 5
Let q be (-5 - -2)/((-3)/4). What are the prime factors of ((-6)/(-9))/(q/138)?
23
Suppose -2*l = 4*a - 48, a = -5*l - 12 + 33. Suppose -105 = -a*s + 6*s. List the prime factors of s.
3, 7
Let p(v) = -5*v + 3. Let t(u) = -8*u - 6*u + 3*u + 7. Let d(x) = 7*p(x) - 3*t(x). What are the prime factors of d(-6)?
2, 3
Let v(m) = -4*m**3 - m**2 + 1. Let l be v(-1). Suppose -4*y + 8 = 4*f, 0 = 5*y + 1 + 4. Suppose -l*z = -13 - f. What are the prime factors of z?
2
Let b be 824/32 - 2/(-8). Suppose 3*q = -b + 89. What are the prime factors of q?
3, 7
Suppose -4*z + 25 + 15 = 0. Suppose 4*t + n + 25 = 0, -n + 6*n = 3*t - z. Let m = -3 - t. What are the prime factors of m?
2
Let l(v) = -v - 3. Suppose 2*a - 6*o + 14 = -5*o, -3*o + 28 = -4*a. List the prime factors of l(a).
2
Let x = 9 - 5. Suppose -x*s + 35 = s. What are the prime factors of s?
7
Let l(o) = 4*o - 5*o + 4*o - 3. Let n = 6 - 3. What are the prime factors of l(n)?
2, 3
Let c(o) = -o + 10. Let x be c(8). Suppose 0 = -5*i - 3*j + 36, -x*i + 0*j + 30 = -4*j. List the prime factors of i.
3
Let w be (96/30)/((-2)/25). Let d be w/(-15) + 2/6. List the prime factors of (-13)/(-4) - d/12.
3
Let p be 3/(-2)*(-16)/(-6). Let m = -2 - p. List the prime factors of m.
2
Let r = -7 + 11. Let g = 7 - r. What are the prime factors of g?
3
Let z(g) = 4*g + 9. Let o be z(-6). What are the prime factors of 2/10 + (-72)/o?
5
Let g = -5 - -6. Let i(b) = 14*b**2 - b + 1. What are the prime factors of i(g)?
2, 7
Let l(h) = 7*h + 11. Let d be l(10). List the prime factors of (d - 0)*6/18.
3
Suppose o + 4*s + 47 = -14, -2*s - 92 = 2*o. Let g = -24 - o. List the prime factors of g.
17
Let f(n) be the second derivative of -n**5/20 - n**4/2 + 2*n**3/3 - 11*n**2/2 + 4*n. What are the prime factors of f(-7)?
2, 5
What are the prime factors of 9 - -1 - (2 + 0)?
2
Let u = -5 + 8. Suppose 4*x + u + 1 = 0. List the prime factors of 12 + (-2 - -2)/x.
2, 3
Suppose 43 = 2*y - 3*l, 2*y - y = -3*l + 8. What are the prime factors of y?
17
List the prime factors of ((-85)/(-10) + 6)/(1/18).
3, 29
Let y = -9 + 10. Let b = y - -21. What are the prime factors of b?
2, 11
Let q(f) = -99*f - 1. What are the prime factors of q(-1)?
2, 7
Let u = 44 + -23. Suppose 43 = -q + 5*q + l, 3*q - u = 3*l. What are the prime factors of q?
2, 5
Let u be 68/(-3) - (-8)/12. Let j = -13 - u. What are the prime factors of j?
3
Let t = -122 + 192. List the prime factors of t.
2, 5, 7
Suppose 5*o + 140 - 340 = 0. List the prime factors of o.
2, 5
Let l(j) = -j + 8*j**2 + 0*j**2 - 4*j - 8 - j**3. Suppose -2*s + 5*s - 21 = 0. List the prime factors of l(s).
2, 3
Let y = 25 + -12. What are the prime factors of -3 + y + -1 + 1?
2, 5
Suppose 0 = 2*y - 6*y + 28. Let g = y + 0. What are the prime factors of g?
7
Let n(p) = -p**3 - 7*p**2 - 4*p - 1. What are the prime factors of n(-7)?
3
Let y = -23 + 62. Suppose 0 = 4*j - y + 11. What are the prime factors of j?
7
Suppose v - 100 = -3*v - 4*s, -5*v = -3*s - 125. What are the prime factors of v?
5
Suppose -5*x - i + 2*i + 80 = 0, 4*i + 16 = x. Suppose -x = -3*u + 71. What are the prime factors of u?
29
Let r(b) be the second derivative of b**5/20 + b**4/3 + b**3/3 - 2*b**2 + 2*b. Let a be r(-3). Let j = 1 - a. What are the prime factors of j?
2
Let z = 75 + -42. List the prime factors of z.
3, 11
Let b be (2/(-3))/((-4)/18). Let k(l) = -l**3 + 2*l**2 + 5*l - 4. Let n be k(b). Suppose 16 = 6*i - n*i. List the prime factors of i.
2
Let i(h) = -2*h**3 - 5*h**2 - 4*h - 17. Let b(l) = l**3 + 2*l*